{"id":14777,"date":"2025-06-13T18:25:46","date_gmt":"2025-06-13T21:25:46","guid":{"rendered":"https:\/\/ifatbrasil.com.br\/palestrantes\/camila-rocha-cunha-viana\/"},"modified":"2025-06-13T18:32:20","modified_gmt":"2025-06-13T21:32:20","slug":"camila-rocha-cunha-viana","status":"publish","type":"palestrantes","link":"https:\/\/ifatbrasil.com.br\/en\/palestrantes\/camila-rocha-cunha-viana\/","title":{"rendered":"Camila Rocha Cunha Viana"},"featured_media":14771,"template":"","meta":{"_acf_changed":false,"cargo":"President-Director","empresa":"Ag\u00eancia de \u00c1guas do Estado de S\u00e3o Paulo - SP \u00c1guas ","link_linkedin":"","mini_bio":"Camila Rocha Cunha Viana holds a Law degree from the State University of Rio de Janeiro (UERJ) and has served as a State Attorney for S\u00e3o Paulo since 2013. She holds a Master\u2019s degree in Administrative Law from USP and in Economics from Funda\u00e7\u00e3o Get\u00falio Vargas. At PGE, she was part of the Corporate and Foundation Advisory Board from 2014 to 2018; the Legal Advisory to the Cabinet from 2019 to 2022; the working group that followed the privatization process of SABESP; and coordinated the PGE\/SP working group responsible for monitoring the legislative process of the new Sanitation Regulatory Framework. In 2023\/2024, she joined the Legal Advisory and the Subsecretariat of Water Resources and Basic Sanitation at the Secretariat for Environment, Infrastructure, and Logistics \u2013 SEMIL. "},"class_list":["post-14777","palestrantes","type-palestrantes","status-publish","has-post-thumbnail","hentry"],"acf":[],"_links":{"self":[{"href":"https:\/\/ifatbrasil.com.br\/en\/wp-json\/wp\/v2\/palestrantes\/14777","targetHints":{"allow":["GET"]}}],"collection":[{"href":"https:\/\/ifatbrasil.com.br\/en\/wp-json\/wp\/v2\/palestrantes"}],"about":[{"href":"https:\/\/ifatbrasil.com.br\/en\/wp-json\/wp\/v2\/types\/palestrantes"}],"wp:featuredmedia":[{"embeddable":true,"href":"https:\/\/ifatbrasil.com.br\/en\/wp-json\/wp\/v2\/media\/14771"}],"wp:attachment":[{"href":"https:\/\/ifatbrasil.com.br\/en\/wp-json\/wp\/v2\/media?parent=14777"}],"curies":[{"name":"wp","href":"https:\/\/api.w.org\/{rel}","templated":true}]}}

Agência de Águas do Estado de São Paulo - SP Águas

Camila Rocha Cunha Viana holds a Law degree from the State University of Rio de Janeiro (UERJ) and has served as a State Attorney for São Paulo since 2013. She holds a Master’s degree in Administrative Law from USP and in Economics from Fundação Getúlio Vargas. At PGE, she was part of the Corporate and Foundation Advisory Board from 2014 to 2018; the Legal Advisory to the Cabinet from 2019 to 2022; the working group that followed the privatization process of SABESP; and coordinated the PGE/SP working group responsible for monitoring the legislative process of the new Sanitation Regulatory Framework. In 2023/2024, she joined the Legal Advisory and the Subsecretariat of Water Resources and Basic Sanitation at the Secretariat for Environment, Infrastructure, and Logistics – SEMIL.
