{"id":11957,"date":"2025-04-22T16:34:47","date_gmt":"2025-04-22T19:34:47","guid":{"rendered":"https:\/\/ifatbrasil.com.br\/_programacao\/mejores-practicas-para-el-futuro-de-la-gestion-de-residuos-en-brasil\/"},"modified":"2025-06-14T19:09:45","modified_gmt":"2025-06-14T22:09:45","slug":"mejores-practicas-para-el-futuro-de-la-gestion-de-residuos-en-brasil","status":"publish","type":"_programacao","link":"https:\/\/ifatbrasil.com.br\/es\/_programacao\/mejores-practicas-para-el-futuro-de-la-gestion-de-residuos-en-brasil\/","title":{"rendered":"Residuos S\u00f3lidos en la COP30"},"featured_media":11170,"parent":0,"template":"","meta":{"_acf_changed":false,"data-hora":"2025-06-25T14:00","hora":"14:00 <br>-<br> 15:00","publico_alvo":"<p>M\u00e1s informaci\u00f3n pr\u00f3ximamente<\/p>\n","objetivo":"<p>M\u00e1s informaci\u00f3n pr\u00f3ximamente<\/p>\n"},"palco":[142],"data":[141],"class_list":["post-11957","_programacao","type-_programacao","status-publish","has-post-thumbnail","hentry","palco-orange-stage","data-27-06"],"acf":[],"_links":{"self":[{"href":"https:\/\/ifatbrasil.com.br\/es\/wp-json\/wp\/v2\/_programacao\/11957","targetHints":{"allow":["GET"]}}],"collection":[{"href":"https:\/\/ifatbrasil.com.br\/es\/wp-json\/wp\/v2\/_programacao"}],"about":[{"href":"https:\/\/ifatbrasil.com.br\/es\/wp-json\/wp\/v2\/types\/_programacao"}],"wp:featuredmedia":[{"embeddable":true,"href":"https:\/\/ifatbrasil.com.br\/es\/wp-json\/wp\/v2\/media\/11170"}],"wp:attachment":[{"href":"https:\/\/ifatbrasil.com.br\/es\/wp-json\/wp\/v2\/media?parent=11957"}],"wp:term":[{"taxonomy":"palco","embeddable":true,"href":"https:\/\/ifatbrasil.com.br\/es\/wp-json\/wp\/v2\/palco?post=11957"},{"taxonomy":"data","embeddable":true,"href":"https:\/\/ifatbrasil.com.br\/es\/wp-json\/wp\/v2\/data?post=11957"}],"curies":[{"name":"wp","href":"https:\/\/api.w.org\/{rel}","templated":true}]}}

Residuos Sólidos en la COP30

<p>Más información próximamente</p>
