{"id":11967,"date":"2025-04-22T16:02:54","date_gmt":"2025-04-22T19:02:54","guid":{"rendered":"https:\/\/ifatbrasil.com.br\/_programacao\/conectando-oportunidades-entre-paraguay-brasil-y-alemania\/"},"modified":"2025-06-16T16:49:09","modified_gmt":"2025-06-16T19:49:09","slug":"conectando-oportunidades-entre-paraguay-brasil-y-alemania","status":"publish","type":"_programacao","link":"https:\/\/ifatbrasil.com.br\/es\/_programacao\/conectando-oportunidades-entre-paraguay-brasil-y-alemania\/","title":{"rendered":"Conectando Oportunidades entre Paraguay, Alemania y Brasil"},"featured_media":11150,"parent":0,"template":"","meta":{"_acf_changed":false,"data-hora":"2025-06-26T16:15","hora":"16:15 <br>-<br> 19:00","publico_alvo":"<p>Empresarios, CEOs, gerentes y propietarios de empresas interesados en invertir o explorar el mercado paraguayo para producir o vender en ese pa\u00eds<\/p>\n","objetivo":"<div class=\"ewa-rteLine\">Presentar informaci\u00f3n general sobre Paraguay a trav\u00e9s de la C\u00e1mara Alemana y el Ministerio de Industria del Paraguay, destacando las oportunidades de inversi\u00f3n y negocios en el pa\u00eds vecino<\/div>\n<div><\/div>\n<div class=\"ewa-rteLine\">4:00 \u2013 4:15 PM<\/div>\n<div class=\"ewa-rteLine\">Bienvenida y apertura<\/div>\n<div class=\"ewa-rteLine\"><\/div>\n<div class=\"ewa-rteLine\">Palabras de apertura:<\/div>\n<div class=\"ewa-rteLine\"><\/div>\n<div class=\"ewa-rteLine\">AHK Paraguay<\/div>\n<div class=\"ewa-rteLine\"><\/div>\n<div class=\"ewa-rteLine\">AHK Brasil<\/div>\n<div class=\"ewa-rteLine\"><\/div>\n<div class=\"ewa-rteLine\">Ministerio de Paraguay<\/div>\n<div class=\"ewa-rteLine\"><\/div>\n<div class=\"ewa-rteLine\">4:15 \u2013 4:40 PM<\/div>\n<div class=\"ewa-rteLine\">Presentaci\u00f3n del pa\u00eds: Paraguay en el contexto regional<\/div>\n<div class=\"ewa-rteLine\"><\/div>\n<div class=\"ewa-rteLine\">Ponente: REDIEX<\/div>\n<div class=\"ewa-rteLine\"><\/div>\n<div class=\"ewa-rteLine\">Contenido:<\/div>\n<div class=\"ewa-rteLine\"><\/div>\n<div class=\"ewa-rteLine\">Ventajas competitivas de Paraguay: estabilidad econ\u00f3mica, energ\u00eda renovable, incentivos fiscales<\/div>\n<div class=\"ewa-rteLine\"><\/div>\n<div class=\"ewa-rteLine\">Proyectos estrat\u00e9gicos y perspectivas de crecimiento<\/div>\n<div class=\"ewa-rteLine\"><\/div>\n<div class=\"ewa-rteLine\">4:40 \u2013 5:20 PM<\/div>\n<div class=\"ewa-rteLine\">Panel: C\u00f3mo es invertir en Paraguay<\/div>\n<div class=\"ewa-rteLine\"><\/div>\n<div class=\"ewa-rteLine\">Ponentes:<\/div>\n<div class=\"ewa-rteLine\"><\/div>\n<div class=\"ewa-rteLine\">Inversores brasile\u00f1os con proyectos en Paraguay<\/div>\n<div class=\"ewa-rteLine\"><\/div>\n<div class=\"ewa-rteLine\">Otras empresas clave de Paraguay<\/div>\n<div class=\"ewa-rteLine\"><\/div>\n<div class=\"ewa-rteLine\">5:20 \u2013 5:35 PM<\/div>\n<div class=\"ewa-rteLine\">Aspectos legales para inversores<\/div>\n<div class=\"ewa-rteLine\"><\/div>\n<div class=\"ewa-rteLine\">Ponente: Especialista en derecho corporativo y comercial<\/div>\n<div class=\"ewa-rteLine\"><\/div>\n<div class=\"ewa-rteLine\">Contenido:<\/div>\n<div class=\"ewa-rteLine\"><\/div>\n<div class=\"ewa-rteLine\">Marco legal para empresas extranjeras<\/div>\n<div class=\"ewa-rteLine\"><\/div>\n<div class=\"ewa-rteLine\">Contratos, licencias y propiedad intelectual<\/div>\n<div class=\"ewa-rteLine\"><\/div>\n<div class=\"ewa-rteLine\">Riesgos legales y c\u00f3mo mitigarlos<\/div>\n<div class=\"ewa-rteLine\"><\/div>\n<div class=\"ewa-rteLine\">5:35 \u2013 5:50 PM<\/div>\n<div class=\"ewa-rteLine\">Presentaci\u00f3n: evoluci\u00f3n de la bolsa de valores<\/div>\n<div class=\"ewa-rteLine\"><\/div>\n<div class=\"ewa-rteLine\">Ponente: CADIEM<\/div>\n<div class=\"ewa-rteLine\"><\/div>\n<div class=\"ewa-rteLine\">Contenido:<\/div>\n<div class=\"ewa-rteLine\"><\/div>\n<div class=\"ewa-rteLine\">Situaci\u00f3n actual del sector en Paraguay<\/div>\n<div class=\"ewa-rteLine\"><\/div>\n<div class=\"ewa-rteLine\">Proyectos clave y oportunidades de inversi\u00f3n<\/div>\n<div class=\"ewa-rteLine\"><\/div>\n<div class=\"ewa-rteLine\">5:50 \u2013 6:20 PM<\/div>\n<div class=\"ewa-rteLine\">Panel tem\u00e1tico: oportunidades en agua, saneamiento y agricultura sostenible<\/div>\n<div class=\"ewa-rteLine\"><\/div>\n<div class=\"ewa-rteLine\">Ponentes:<\/div>\n<div class=\"ewa-rteLine\"><\/div>\n<div class=\"ewa-rteLine\">Especialista en tecnolog\u00eda del agua (ej.: German Water \u2013 socia)<\/div>\n<div class=\"ewa-rteLine\"><\/div>\n<div class=\"ewa-rteLine\">Representante de una empresa local innovadora en saneamiento<\/div>\n<div class=\"ewa-rteLine\"><\/div>\n<div class=\"ewa-rteLine\">Representante de una empresa l\u00edder brasile\u00f1a\/paraguaya en agricultura sostenible<\/div>\n<div class=\"ewa-rteLine\"><\/div>\n<div class=\"ewa-rteLine\">6:20 \u2013 6:30 PM<\/div>\n<div class=\"ewa-rteLine\">Cierre y networking<\/div>\n"},"palco":[143],"data":[140],"class_list":["post-11967","_programacao","type-_programacao","status-publish","has-post-thumbnail","hentry","palco-blue-stage","data-26-06"],"acf":[],"_links":{"self":[{"href":"https:\/\/ifatbrasil.com.br\/es\/wp-json\/wp\/v2\/_programacao\/11967","targetHints":{"allow":["GET"]}}],"collection":[{"href":"https:\/\/ifatbrasil.com.br\/es\/wp-json\/wp\/v2\/_programacao"}],"about":[{"href":"https:\/\/ifatbrasil.com.br\/es\/wp-json\/wp\/v2\/types\/_programacao"}],"wp:featuredmedia":[{"embeddable":true,"href":"https:\/\/ifatbrasil.com.br\/es\/wp-json\/wp\/v2\/media\/11150"}],"wp:attachment":[{"href":"https:\/\/ifatbrasil.com.br\/es\/wp-json\/wp\/v2\/media?parent=11967"}],"wp:term":[{"taxonomy":"palco","embeddable":true,"href":"https:\/\/ifatbrasil.com.br\/es\/wp-json\/wp\/v2\/palco?post=11967"},{"taxonomy":"data","embeddable":true,"href":"https:\/\/ifatbrasil.com.br\/es\/wp-json\/wp\/v2\/data?post=11967"}],"curies":[{"name":"wp","href":"https:\/\/api.w.org\/{rel}","templated":true}]}}

<p>Empresarios, CEOs, gerentes y propietarios de empresas interesados en invertir o explorar el mercado paraguayo para producir o vender en ese país</p>

<div class="ewa-rteLine">Presentar información general sobre Paraguay a través de la Cámara Alemana y el Ministerio de Industria del Paraguay, destacando las oportunidades de inversión y negocios en el país vecino</div>
<div></div>
<div class="ewa-rteLine">4:00 – 4:15 PM</div>
<div class="ewa-rteLine">Bienvenida y apertura</div>
<div class="ewa-rteLine"></div>
<div class="ewa-rteLine">Palabras de apertura:</div>
<div class="ewa-rteLine"></div>
<div class="ewa-rteLine">AHK Paraguay</div>
<div class="ewa-rteLine"></div>
<div class="ewa-rteLine">AHK Brasil</div>
<div class="ewa-rteLine"></div>
<div class="ewa-rteLine">Ministerio de Paraguay</div>
<div class="ewa-rteLine"></div>
<div class="ewa-rteLine">4:15 – 4:40 PM</div>
<div class="ewa-rteLine">Presentación del país: Paraguay en el contexto regional</div>
<div class="ewa-rteLine"></div>
<div class="ewa-rteLine">Ponente: REDIEX</div>
<div class="ewa-rteLine"></div>
<div class="ewa-rteLine">Contenido:</div>
<div class="ewa-rteLine"></div>
<div class="ewa-rteLine">Ventajas competitivas de Paraguay: estabilidad económica, energía renovable, incentivos fiscales</div>
<div class="ewa-rteLine"></div>
<div class="ewa-rteLine">Proyectos estratégicos y perspectivas de crecimiento</div>
<div class="ewa-rteLine"></div>
<div class="ewa-rteLine">4:40 – 5:20 PM</div>
<div class="ewa-rteLine">Panel: Cómo es invertir en Paraguay</div>
<div class="ewa-rteLine"></div>
<div class="ewa-rteLine">Ponentes:</div>
<div class="ewa-rteLine"></div>
<div class="ewa-rteLine">Inversores brasileños con proyectos en Paraguay</div>
<div class="ewa-rteLine"></div>
<div class="ewa-rteLine">Otras empresas clave de Paraguay</div>
<div class="ewa-rteLine"></div>
<div class="ewa-rteLine">5:20 – 5:35 PM</div>
<div class="ewa-rteLine">Aspectos legales para inversores</div>
<div class="ewa-rteLine"></div>
<div class="ewa-rteLine">Ponente: Especialista en derecho corporativo y comercial</div>
<div class="ewa-rteLine"></div>
<div class="ewa-rteLine">Contenido:</div>
<div class="ewa-rteLine"></div>
<div class="ewa-rteLine">Marco legal para empresas extranjeras</div>
<div class="ewa-rteLine"></div>
<div class="ewa-rteLine">Contratos, licencias y propiedad intelectual</div>
<div class="ewa-rteLine"></div>
<div class="ewa-rteLine">Riesgos legales y cómo mitigarlos</div>
<div class="ewa-rteLine"></div>
<div class="ewa-rteLine">5:35 – 5:50 PM</div>
<div class="ewa-rteLine">Presentación: evolución de la bolsa de valores</div>
<div class="ewa-rteLine"></div>
<div class="ewa-rteLine">Ponente: CADIEM</div>
<div class="ewa-rteLine"></div>
<div class="ewa-rteLine">Contenido:</div>
<div class="ewa-rteLine"></div>
<div class="ewa-rteLine">Situación actual del sector en Paraguay</div>
<div class="ewa-rteLine"></div>
<div class="ewa-rteLine">Proyectos clave y oportunidades de inversión</div>
<div class="ewa-rteLine"></div>
<div class="ewa-rteLine">5:50 – 6:20 PM</div>
<div class="ewa-rteLine">Panel temático: oportunidades en agua, saneamiento y agricultura sostenible</div>
<div class="ewa-rteLine"></div>
<div class="ewa-rteLine">Ponentes:</div>
<div class="ewa-rteLine"></div>
<div class="ewa-rteLine">Especialista en tecnología del agua (ej.: German Water – socia)</div>
<div class="ewa-rteLine"></div>
<div class="ewa-rteLine">Representante de una empresa local innovadora en saneamiento</div>
<div class="ewa-rteLine"></div>
<div class="ewa-rteLine">Representante de una empresa líder brasileña/paraguaya en agricultura sostenible</div>
<div class="ewa-rteLine"></div>
<div class="ewa-rteLine">6:20 – 6:30 PM</div>
<div class="ewa-rteLine">Cierre y networking</div>
