{"id":11972,"date":"2025-04-17T17:31:56","date_gmt":"2025-04-17T20:31:56","guid":{"rendered":"https:\/\/ifatbrasil.com.br\/_programacao\/abrema-y-el-cierre-global-de-vertederos-no-regulados\/"},"modified":"2025-06-16T16:48:15","modified_gmt":"2025-06-16T19:48:15","slug":"abrema-y-el-cierre-global-de-vertederos-no-regulados","status":"publish","type":"_programacao","link":"https:\/\/ifatbrasil.com.br\/es\/_programacao\/abrema-y-el-cierre-global-de-vertederos-no-regulados\/","title":{"rendered":"ABREMA | Modernizaci\u00f3n de la Limpieza Urbana"},"featured_media":11170,"parent":0,"template":"","meta":{"_acf_changed":false,"data-hora":"2025-06-25T14:00","hora":"14:00 <br>-<br> 16:00","publico_alvo":"<p class=\"\" data-start=\"114\" data-end=\"158\"><em data-start=\"128\" data-end=\"158\">M\u00e1s informaci\u00f3n pr\u00f3ximamente<\/em><\/p>\n<p class=\"\" data-start=\"160\" data-end=\"264\">\n","objetivo":"<p class=\"\" data-start=\"114\" data-end=\"158\"><em data-start=\"128\" data-end=\"158\">M\u00e1s informaci\u00f3n pr\u00f3ximamente<\/em><\/p>\n<p class=\"\" data-start=\"160\" data-end=\"264\">\n"},"palco":[142],"data":[139],"class_list":["post-11972","_programacao","type-_programacao","status-publish","has-post-thumbnail","hentry","palco-orange-stage","data-25-06"],"acf":[],"_links":{"self":[{"href":"https:\/\/ifatbrasil.com.br\/es\/wp-json\/wp\/v2\/_programacao\/11972","targetHints":{"allow":["GET"]}}],"collection":[{"href":"https:\/\/ifatbrasil.com.br\/es\/wp-json\/wp\/v2\/_programacao"}],"about":[{"href":"https:\/\/ifatbrasil.com.br\/es\/wp-json\/wp\/v2\/types\/_programacao"}],"wp:featuredmedia":[{"embeddable":true,"href":"https:\/\/ifatbrasil.com.br\/es\/wp-json\/wp\/v2\/media\/11170"}],"wp:attachment":[{"href":"https:\/\/ifatbrasil.com.br\/es\/wp-json\/wp\/v2\/media?parent=11972"}],"wp:term":[{"taxonomy":"palco","embeddable":true,"href":"https:\/\/ifatbrasil.com.br\/es\/wp-json\/wp\/v2\/palco?post=11972"},{"taxonomy":"data","embeddable":true,"href":"https:\/\/ifatbrasil.com.br\/es\/wp-json\/wp\/v2\/data?post=11972"}],"curies":[{"name":"wp","href":"https:\/\/api.w.org\/{rel}","templated":true}]}}

ABREMA | Modernización de la Limpieza Urbana

<p class="" data-start="114" data-end="158"><em data-start="128" data-end="158">Más información próximamente</em></p>
<p class="" data-start="160" data-end="264">
