{"id":12033,"date":"2025-05-07T17:22:48","date_gmt":"2025-05-07T20:22:48","guid":{"rendered":"https:\/\/ifatbrasil.com.br\/_programacao\/proyectos-publicos-contra-el-cambio-climatico\/"},"modified":"2025-05-08T17:05:19","modified_gmt":"2025-05-08T20:05:19","slug":"proyectos-publicos-contra-el-cambio-climatico","status":"publish","type":"_programacao","link":"https:\/\/ifatbrasil.com.br\/es\/_programacao\/proyectos-publicos-contra-el-cambio-climatico\/","title":{"rendered":"Proyectos p\u00fablicos contra el cambio clim\u00e1tico"},"featured_media":11931,"parent":0,"template":"","meta":{"_acf_changed":false,"data-hora":"2025-06-25T14:45","hora":"14:45 <br>-<br> 16:00","publico_alvo":"<p>M\u00e1s informaci\u00f3n pr\u00f3ximamente<\/p>\n","objetivo":"<p>M\u00e1s informaci\u00f3n pr\u00f3ximamente<\/p>\n"},"palco":[143],"data":[139],"class_list":["post-12033","_programacao","type-_programacao","status-publish","has-post-thumbnail","hentry","palco-blue-stage","data-25-06"],"acf":[],"_links":{"self":[{"href":"https:\/\/ifatbrasil.com.br\/es\/wp-json\/wp\/v2\/_programacao\/12033","targetHints":{"allow":["GET"]}}],"collection":[{"href":"https:\/\/ifatbrasil.com.br\/es\/wp-json\/wp\/v2\/_programacao"}],"about":[{"href":"https:\/\/ifatbrasil.com.br\/es\/wp-json\/wp\/v2\/types\/_programacao"}],"wp:featuredmedia":[{"embeddable":true,"href":"https:\/\/ifatbrasil.com.br\/es\/wp-json\/wp\/v2\/media\/11931"}],"wp:attachment":[{"href":"https:\/\/ifatbrasil.com.br\/es\/wp-json\/wp\/v2\/media?parent=12033"}],"wp:term":[{"taxonomy":"palco","embeddable":true,"href":"https:\/\/ifatbrasil.com.br\/es\/wp-json\/wp\/v2\/palco?post=12033"},{"taxonomy":"data","embeddable":true,"href":"https:\/\/ifatbrasil.com.br\/es\/wp-json\/wp\/v2\/data?post=12033"}],"curies":[{"name":"wp","href":"https:\/\/api.w.org\/{rel}","templated":true}]}}

Proyectos públicos contra el cambio climático

<p>Más información próximamente</p>
