{"id":13345,"date":"2025-05-23T14:00:30","date_gmt":"2025-05-23T17:00:30","guid":{"rendered":"https:\/\/ifatbrasil.com.br\/?post_type=_programacao&#038;p=13345"},"modified":"2025-06-16T16:48:46","modified_gmt":"2025-06-16T19:48:46","slug":"la-importancia-de-las-entidades-de-profesionales-del-saneamiento-para-la-universalizacion-de-los-servicios","status":"publish","type":"_programacao","link":"https:\/\/ifatbrasil.com.br\/es\/_programacao\/la-importancia-de-las-entidades-de-profesionales-del-saneamiento-para-la-universalizacion-de-los-servicios\/","title":{"rendered":"La importancia de las entidades de profesionales del saneamiento para la universalizaci\u00f3n de la prestaci\u00f3n de servicios"},"featured_media":13343,"parent":0,"template":"","meta":{"_acf_changed":false,"data-hora":"2025-06-26T11:00","hora":"11:00 <br>-<br> 12:30","publico_alvo":"<p data-start=\"706\" data-end=\"1233\">Panel dirigido a diversos actores involucrados en la construcci\u00f3n y el perfeccionamiento del saneamiento b\u00e1sico en Brasil y Am\u00e9rica Latina, como Profesionales del Sector de Saneamiento, Gestores y Decisores Pol\u00edticos, Representantes de Entidades Gremiales y Asociaciones, Acad\u00e9micos e Investigadores, Inversores y Financieros, Consultores y Empresas de Tecnolog\u00eda, y Representantes de la Sociedad Civil Organizada.<\/p>\n","objetivo":""},"palco":[143],"data":[140],"class_list":["post-13345","_programacao","type-_programacao","status-publish","has-post-thumbnail","hentry","palco-blue-stage","data-26-06"],"acf":[],"_links":{"self":[{"href":"https:\/\/ifatbrasil.com.br\/es\/wp-json\/wp\/v2\/_programacao\/13345","targetHints":{"allow":["GET"]}}],"collection":[{"href":"https:\/\/ifatbrasil.com.br\/es\/wp-json\/wp\/v2\/_programacao"}],"about":[{"href":"https:\/\/ifatbrasil.com.br\/es\/wp-json\/wp\/v2\/types\/_programacao"}],"wp:featuredmedia":[{"embeddable":true,"href":"https:\/\/ifatbrasil.com.br\/es\/wp-json\/wp\/v2\/media\/13343"}],"wp:attachment":[{"href":"https:\/\/ifatbrasil.com.br\/es\/wp-json\/wp\/v2\/media?parent=13345"}],"wp:term":[{"taxonomy":"palco","embeddable":true,"href":"https:\/\/ifatbrasil.com.br\/es\/wp-json\/wp\/v2\/palco?post=13345"},{"taxonomy":"data","embeddable":true,"href":"https:\/\/ifatbrasil.com.br\/es\/wp-json\/wp\/v2\/data?post=13345"}],"curies":[{"name":"wp","href":"https:\/\/api.w.org\/{rel}","templated":true}]}}

La importancia de las entidades de profesionales del saneamiento para la universalización de la prestación de servicios

<p data-start="706" data-end="1233">Panel dirigido a diversos actores involucrados en la construcción y el perfeccionamiento del saneamiento básico en Brasil y América Latina, como Profesionales del Sector de Saneamiento, Gestores y Decisores Políticos, Representantes de Entidades Gremiales y Asociaciones, Académicos e Investigadores, Inversores y Financieros, Consultores y Empresas de Tecnología, y Representantes de la Sociedad Civil Organizada.</p>
