{"id":14895,"date":"2025-06-13T19:45:03","date_gmt":"2025-06-13T22:45:03","guid":{"rendered":"https:\/\/ifatbrasil.com.br\/_programacao\/ods-6-y-ods-12-de-la-ambicion-a-la-accion-empresarial-por-un-futuro-hidrico-resiliente\/"},"modified":"2025-06-14T19:18:11","modified_gmt":"2025-06-14T22:18:11","slug":"ods-6-y-ods-12-de-la-ambicion-a-la-accion-empresarial-por-un-futuro-hidrico-resiliente","status":"publish","type":"_programacao","link":"https:\/\/ifatbrasil.com.br\/es\/_programacao\/ods-6-y-ods-12-de-la-ambicion-a-la-accion-empresarial-por-un-futuro-hidrico-resiliente\/","title":{"rendered":"ODS 6 y ODS 12: de la ambici\u00f3n a la acci\u00f3n empresarial por un futuro h\u00eddrico resiliente"},"featured_media":14792,"parent":0,"template":"","meta":{"_acf_changed":false,"data-hora":"2025-06-27T14:45","hora":"14h45 A 15h30","publico_alvo":"","objetivo":"<p>Programa Camino hacia la COP30<br \/>\nRed Brasil: Conozca el programa Camino hacia la COP30, una iniciativa de compromiso vinculada al mayor evento clim\u00e1tico del mundo, que este a\u00f1o se celebrar\u00e1 en Bel\u00e9m \u2013 PA<\/p>\n<p>&nbsp;<\/p>\n<p>ODS 6 y ODS 12: de la ambici\u00f3n a la acci\u00f3n empresarial por un futuro h\u00eddrico resiliente<\/p>\n<ul>\n<li>Datos actuales preocupantes: desigualdad regional y urbana vs. rural, crecimiento poblacional, eventos extremos y escasez h\u00eddrica<\/li>\n<li>Sinergia entre los ODS 6 y 12 con conexiones pr\u00e1cticas:\n<ul>\n<li>Reutilizaci\u00f3n y recirculaci\u00f3n del agua = menor presi\u00f3n sobre los recursos h\u00eddricos<\/li>\n<li>Tratamiento de efluentes como insumo = generaci\u00f3n de energ\u00eda, nutrientes e insumos agr\u00edcolas (lodo)<\/li>\n<li>Adopci\u00f3n de tecnolog\u00edas limpias y eficiencia h\u00eddrica en procesos industriales<\/li>\n<\/ul>\n<\/li>\n<li>Soluciones en curso \u2013 Movimientos empresariales para acelerar los ODS 6 y 12<\/li>\n<\/ul>\n<p>Llamado a la acci\u00f3n \u2013 \u00bfPor qu\u00e9 deber\u00eda su empresa sumarse ahora al Movimiento + Agua y al Movimiento Conexi\u00f3n Circular?<\/p>\n"},"palco":[143],"data":[141],"class_list":["post-14895","_programacao","type-_programacao","status-publish","has-post-thumbnail","hentry","palco-blue-stage","data-27-06"],"acf":[],"_links":{"self":[{"href":"https:\/\/ifatbrasil.com.br\/es\/wp-json\/wp\/v2\/_programacao\/14895","targetHints":{"allow":["GET"]}}],"collection":[{"href":"https:\/\/ifatbrasil.com.br\/es\/wp-json\/wp\/v2\/_programacao"}],"about":[{"href":"https:\/\/ifatbrasil.com.br\/es\/wp-json\/wp\/v2\/types\/_programacao"}],"wp:featuredmedia":[{"embeddable":true,"href":"https:\/\/ifatbrasil.com.br\/es\/wp-json\/wp\/v2\/media\/14792"}],"wp:attachment":[{"href":"https:\/\/ifatbrasil.com.br\/es\/wp-json\/wp\/v2\/media?parent=14895"}],"wp:term":[{"taxonomy":"palco","embeddable":true,"href":"https:\/\/ifatbrasil.com.br\/es\/wp-json\/wp\/v2\/palco?post=14895"},{"taxonomy":"data","embeddable":true,"href":"https:\/\/ifatbrasil.com.br\/es\/wp-json\/wp\/v2\/data?post=14895"}],"curies":[{"name":"wp","href":"https:\/\/api.w.org\/{rel}","templated":true}]}}

ODS 6 y ODS 12: de la ambición a la acción empresarial por un futuro hídrico resiliente

<p>Programa Camino hacia la COP30<br />
Red Brasil: Conozca el programa Camino hacia la COP30, una iniciativa de compromiso vinculada al mayor evento climático del mundo, que este año se celebrará en Belém – PA</p>
<p>&nbsp;</p>
<p>ODS 6 y ODS 12: de la ambición a la acción empresarial por un futuro hídrico resiliente</p>
<ul>
<li>Datos actuales preocupantes: desigualdad regional y urbana vs. rural, crecimiento poblacional, eventos extremos y escasez hídrica</li>
<li>Sinergia entre los ODS 6 y 12 con conexiones prácticas:
<ul>
<li>Reutilización y recirculación del agua = menor presión sobre los recursos hídricos</li>
<li>Tratamiento de efluentes como insumo = generación de energía, nutrientes e insumos agrícolas (lodo)</li>
<li>Adopción de tecnologías limpias y eficiencia hídrica en procesos industriales</li>
</ul>
</li>
<li>Soluciones en curso – Movimientos empresariales para acelerar los ODS 6 y 12</li>
</ul>
<p>Llamado a la acción – ¿Por qué debería su empresa sumarse ahora al Movimiento + Agua y al Movimiento Conexión Circular?</p>
