{"id":12344,"date":"2025-05-13T15:09:34","date_gmt":"2025-05-13T18:09:34","guid":{"rendered":"https:\/\/ifatbrasil.com.br\/palestrantes\/talyta-viana-moderadora\/"},"modified":"2025-05-13T15:26:09","modified_gmt":"2025-05-13T18:26:09","slug":"talyta-viana-moderadora","status":"publish","type":"palestrantes","link":"https:\/\/ifatbrasil.com.br\/es\/palestrantes\/talyta-viana-moderadora\/","title":{"rendered":"Talyta Viana (Moderadora)"},"featured_media":12340,"template":"","meta":{"_acf_changed":false,"cargo":"Coordinadora de Asuntos Regulatorios","empresa":"ABIOG\u00c1S - Associa\u00e7\u00e3o Brasileira do Biog\u00e1s e do Biometano","link_linkedin":"https:\/\/www.linkedin.com\/in\/talytaviana\/?utm_source=share&amp;utm_campaign=share_via&amp;utm_content=profile&amp;utm_medium=android_app","mini_bio":"Coordinadora de Regulaci\u00f3n en ABiog\u00e1s, con experiencia en regulaci\u00f3n energ\u00e9tica, tarifas, sostenibilidad y transici\u00f3n energ\u00e9tica, con enfoque en biog\u00e1s y biometano. "},"class_list":["post-12344","palestrantes","type-palestrantes","status-publish","has-post-thumbnail","hentry"],"acf":[],"_links":{"self":[{"href":"https:\/\/ifatbrasil.com.br\/es\/wp-json\/wp\/v2\/palestrantes\/12344","targetHints":{"allow":["GET"]}}],"collection":[{"href":"https:\/\/ifatbrasil.com.br\/es\/wp-json\/wp\/v2\/palestrantes"}],"about":[{"href":"https:\/\/ifatbrasil.com.br\/es\/wp-json\/wp\/v2\/types\/palestrantes"}],"wp:featuredmedia":[{"embeddable":true,"href":"https:\/\/ifatbrasil.com.br\/es\/wp-json\/wp\/v2\/media\/12340"}],"wp:attachment":[{"href":"https:\/\/ifatbrasil.com.br\/es\/wp-json\/wp\/v2\/media?parent=12344"}],"curies":[{"name":"wp","href":"https:\/\/api.w.org\/{rel}","templated":true}]}}

ABIOGÁS - Associação Brasileira do Biogás e do Biometano

Coordinadora de Regulación en ABiogás, con experiencia en regulación energética, tarifas, sostenibilidad y transición energética, con enfoque en biogás y biometano.
