{"id":13387,"date":"2025-05-30T15:53:07","date_gmt":"2025-05-30T18:53:07","guid":{"rendered":"https:\/\/ifatbrasil.com.br\/?post_type=palestrantes&#038;p=13387"},"modified":"2025-06-16T16:16:06","modified_gmt":"2025-06-16T19:16:06","slug":"dra-claudia-barmann-bernard-moderadora","status":"publish","type":"palestrantes","link":"https:\/\/ifatbrasil.com.br\/es\/palestrantes\/dra-claudia-barmann-bernard-moderadora\/","title":{"rendered":"Dra. Claudia Barmann Bernard (Moderadora)"},"featured_media":13544,"template":"","meta":{"_acf_changed":false,"cargo":"Representante del Estado de Baviera en Brasil","empresa":"AHK S\u00e3o Paulo","link_linkedin":"linkedin.com\/in\/dr-claudia-barmann-bernard","mini_bio":"La Dra. Claudia B\u00e4rmann Bernard se gradu\u00f3 en Derecho en la Universidad de Bayreuth y obtuvo su doctorado en la Universidad T\u00e9cnica de Dresde, en Alemania. Ejerci\u00f3 como jueza en Alemania y cuenta con m\u00e1s de 20 a\u00f1os de experiencia en el sector jur\u00eddico. Es miembro de los colegios de abogados de Brasil y Alemania. Es Vicepresidenta de la C\u00e1mara de Mediaci\u00f3n y Arbitraje de Euroc\u00e1maras. Desde 2011, ocupa el cargo de Directora Jur\u00eddica en la C\u00e1mara de Comercio e Industria Brasil-Alemania de S\u00e3o Paulo y, desde 2017, tambi\u00e9n es la Representante del Estado de Baviera en Brasil."},"class_list":["post-13387","palestrantes","type-palestrantes","status-publish","has-post-thumbnail","hentry"],"acf":[],"_links":{"self":[{"href":"https:\/\/ifatbrasil.com.br\/es\/wp-json\/wp\/v2\/palestrantes\/13387","targetHints":{"allow":["GET"]}}],"collection":[{"href":"https:\/\/ifatbrasil.com.br\/es\/wp-json\/wp\/v2\/palestrantes"}],"about":[{"href":"https:\/\/ifatbrasil.com.br\/es\/wp-json\/wp\/v2\/types\/palestrantes"}],"wp:featuredmedia":[{"embeddable":true,"href":"https:\/\/ifatbrasil.com.br\/es\/wp-json\/wp\/v2\/media\/13544"}],"wp:attachment":[{"href":"https:\/\/ifatbrasil.com.br\/es\/wp-json\/wp\/v2\/media?parent=13387"}],"curies":[{"name":"wp","href":"https:\/\/api.w.org\/{rel}","templated":true}]}}

AHK São Paulo

La Dra. Claudia Bärmann Bernard se graduó en Derecho en la Universidad de Bayreuth y obtuvo su doctorado en la Universidad Técnica de Dresde, en Alemania. Ejerció como jueza en Alemania y cuenta con más de 20 años de experiencia en el sector jurídico. Es miembro de los colegios de abogados de Brasil y Alemania. Es Vicepresidenta de la Cámara de Mediación y Arbitraje de Eurocámaras. Desde 2011, ocupa el cargo de Directora Jurídica en la Cámara de Comercio e Industria Brasil-Alemania de São Paulo y, desde 2017, también es la Representante del Estado de Baviera en Brasil.
