{"id":13394,"date":"2025-05-29T15:15:27","date_gmt":"2025-05-29T18:15:27","guid":{"rendered":"https:\/\/ifatbrasil.com.br\/palestrantes\/marcos-oliveira\/"},"modified":"2025-05-29T15:39:36","modified_gmt":"2025-05-29T18:39:36","slug":"marcos-oliveira","status":"publish","type":"palestrantes","link":"https:\/\/ifatbrasil.com.br\/es\/palestrantes\/marcos-oliveira\/","title":{"rendered":"Marcos Oliveira"},"featured_media":13381,"template":"","meta":{"_acf_changed":false,"cargo":"Coordinador","empresa":"Mele","link_linkedin":"www.linkedin.com\/in\/marcosocosta","mini_bio":"Marcos Costa es ingeniero con Maestr\u00eda en Sistemas Mecatr\u00f3nicos por la Universidad de Bras\u00edlia (UnB) y amplia experiencia en I+D+i energ\u00e9tica. Trabaj\u00f3 en el Ministerio de Ciencia, Tecnolog\u00eda e Innovaci\u00f3n (MCTI) y, desde 2013, trabaja en la GIZ, coordinando y asesorando proyectos en hidr\u00f3geno verde, SAF, movilidad el\u00e9ctrica y eficiencia energ\u00e9tica."},"class_list":["post-13394","palestrantes","type-palestrantes","status-publish","has-post-thumbnail","hentry"],"acf":[],"_links":{"self":[{"href":"https:\/\/ifatbrasil.com.br\/es\/wp-json\/wp\/v2\/palestrantes\/13394","targetHints":{"allow":["GET"]}}],"collection":[{"href":"https:\/\/ifatbrasil.com.br\/es\/wp-json\/wp\/v2\/palestrantes"}],"about":[{"href":"https:\/\/ifatbrasil.com.br\/es\/wp-json\/wp\/v2\/types\/palestrantes"}],"wp:featuredmedia":[{"embeddable":true,"href":"https:\/\/ifatbrasil.com.br\/es\/wp-json\/wp\/v2\/media\/13381"}],"wp:attachment":[{"href":"https:\/\/ifatbrasil.com.br\/es\/wp-json\/wp\/v2\/media?parent=13394"}],"curies":[{"name":"wp","href":"https:\/\/api.w.org\/{rel}","templated":true}]}}

Marcos Costa es ingeniero con Maestría en Sistemas Mecatrónicos por la Universidad de Brasília (UnB) y amplia experiencia en I+D+i energética. Trabajó en el Ministerio de Ciencia, Tecnología e Innovación (MCTI) y, desde 2013, trabaja en la GIZ, coordinando y asesorando proyectos en hidrógeno verde, SAF, movilidad eléctrica y eficiencia energética.
