{"id":13459,"date":"2025-05-29T16:07:46","date_gmt":"2025-05-29T19:07:46","guid":{"rendered":"https:\/\/ifatbrasil.com.br\/palestrantes\/anja-schwetje\/"},"modified":"2025-05-29T16:42:03","modified_gmt":"2025-05-29T19:42:03","slug":"anja-schwetje","status":"publish","type":"palestrantes","link":"https:\/\/ifatbrasil.com.br\/es\/palestrantes\/anja-schwetje\/","title":{"rendered":"Anja Schwetje"},"featured_media":13422,"template":"","meta":{"_acf_changed":false,"cargo":"Funcionaria Cient\u00edfica Superior","empresa":"UBA","link_linkedin":"https:\/\/www.linkedin.com\/in\/anja-schwetje-51234b37\/ ","mini_bio":"Desde 2014, Anja es responsable de temas relacionados con los residuos en el contexto de la protecci\u00f3n clim\u00e1tica y la reducci\u00f3n de emisiones de metano. Es una de las co-l\u00edderes del Waste Hub de la Climate and Clean Air Coalition (CCAC), vicepresidenta del Grupo de Trabajo sobre Cambio Clim\u00e1tico y Gesti\u00f3n de Residuos de la International Solid Waste Association (ISWA), miembro del consejo asesor de la German RETech Partnership, copresidenta del Grupo de Trabajo sobre Residuos Org\u00e1nicos de la PREVENT Waste Alliance, y participa activamente en la Global Methane Initiative (GMI)."},"class_list":["post-13459","palestrantes","type-palestrantes","status-publish","has-post-thumbnail","hentry"],"acf":[],"_links":{"self":[{"href":"https:\/\/ifatbrasil.com.br\/es\/wp-json\/wp\/v2\/palestrantes\/13459","targetHints":{"allow":["GET"]}}],"collection":[{"href":"https:\/\/ifatbrasil.com.br\/es\/wp-json\/wp\/v2\/palestrantes"}],"about":[{"href":"https:\/\/ifatbrasil.com.br\/es\/wp-json\/wp\/v2\/types\/palestrantes"}],"wp:featuredmedia":[{"embeddable":true,"href":"https:\/\/ifatbrasil.com.br\/es\/wp-json\/wp\/v2\/media\/13422"}],"wp:attachment":[{"href":"https:\/\/ifatbrasil.com.br\/es\/wp-json\/wp\/v2\/media?parent=13459"}],"curies":[{"name":"wp","href":"https:\/\/api.w.org\/{rel}","templated":true}]}}

Funcionaria Científica Superior

Desde 2014, Anja es responsable de temas relacionados con los residuos en el contexto de la protección climática y la reducción de emisiones de metano. Es una de las co-líderes del Waste Hub de la Climate and Clean Air Coalition (CCAC), vicepresidenta del Grupo de Trabajo sobre Cambio Climático y Gestión de Residuos de la International Solid Waste Association (ISWA), miembro del consejo asesor de la German RETech Partnership, copresidenta del Grupo de Trabajo sobre Residuos Orgánicos de la PREVENT Waste Alliance, y participa activamente en la Global Methane Initiative (GMI).
