{"id":13470,"date":"2025-05-29T16:00:25","date_gmt":"2025-05-29T19:00:25","guid":{"rendered":"https:\/\/ifatbrasil.com.br\/palestrantes\/wilhelm-winkelmann\/"},"modified":"2025-05-29T16:40:53","modified_gmt":"2025-05-29T19:40:53","slug":"wilhelm-winkelmann","status":"publish","type":"palestrantes","link":"https:\/\/ifatbrasil.com.br\/es\/palestrantes\/wilhelm-winkelmann\/","title":{"rendered":"Wilhelm Winkelmann"},"featured_media":13410,"template":"","meta":{"_acf_changed":false,"cargo":"Jefe del Departamento de Gesti\u00f3n de Residuos","empresa":"Berliner Stadtreinigungsbetriebe (BSR)","link_linkedin":"https:\/\/www.linkedin.com\/in\/wilhelm-winkelmann-60648a14a\/","mini_bio":"Es Jefe del Departamento de Gesti\u00f3n de Residuos (Instalaciones) de Berliner Stadtreinigungsbetriebe (BSR), la empresa municipal de gesti\u00f3n de residuos de Berl\u00edn, y desde 2013 se desempe\u00f1a como Gerente Senior de la planta de biog\u00e1s de BSR."},"class_list":["post-13470","palestrantes","type-palestrantes","status-publish","has-post-thumbnail","hentry"],"acf":[],"_links":{"self":[{"href":"https:\/\/ifatbrasil.com.br\/es\/wp-json\/wp\/v2\/palestrantes\/13470","targetHints":{"allow":["GET"]}}],"collection":[{"href":"https:\/\/ifatbrasil.com.br\/es\/wp-json\/wp\/v2\/palestrantes"}],"about":[{"href":"https:\/\/ifatbrasil.com.br\/es\/wp-json\/wp\/v2\/types\/palestrantes"}],"wp:featuredmedia":[{"embeddable":true,"href":"https:\/\/ifatbrasil.com.br\/es\/wp-json\/wp\/v2\/media\/13410"}],"wp:attachment":[{"href":"https:\/\/ifatbrasil.com.br\/es\/wp-json\/wp\/v2\/media?parent=13470"}],"curies":[{"name":"wp","href":"https:\/\/api.w.org\/{rel}","templated":true}]}}

Jefe del Departamento de Gestión de Residuos

Es Jefe del Departamento de Gestión de Residuos (Instalaciones) de Berliner Stadtreinigungsbetriebe (BSR), la empresa municipal de gestión de residuos de Berlín, y desde 2013 se desempeña como Gerente Senior de la planta de biogás de BSR.
