{"id":13598,"date":"2025-05-30T16:14:01","date_gmt":"2025-05-30T19:14:01","guid":{"rendered":"https:\/\/ifatbrasil.com.br\/palestrantes\/francine-efigenia-breitenbach-moderadora\/"},"modified":"2025-05-30T18:09:13","modified_gmt":"2025-05-30T21:09:13","slug":"francine-efigenia-breitenbach-moderadora","status":"publish","type":"palestrantes","link":"https:\/\/ifatbrasil.com.br\/es\/palestrantes\/francine-efigenia-breitenbach-moderadora\/","title":{"rendered":"Francine Efig\u00eania Breitenbach (Moderadora)"},"featured_media":13555,"template":"","meta":{"_acf_changed":false,"cargo":"Jos\u00e9 Renato Bruzadin es Ingeniero Electricista, graduado por la Escuela Polit\u00e9cnica de la Universidad de S\u00e3o Paulo (USP) y posee un MBA por la Funda\u00e7\u00e3o Getulio Vargas (FGV) de S\u00e3o Paulo. Ha ocupado cargos directivos en la industria y en empresas de los sectores de energ\u00eda, infraestructura y servicios. Actualmente es el Director Ejecutivo de Desarrollo de Negocios de Veolia en Brasil. ","empresa":"Instituto Valoriza Res\u00edduos by ABLP","link_linkedin":"https:\/\/www.linkedin.com\/in\/francinebreitenbach","mini_bio":"Sanitary and Environmental Engineer and Occupational Safety Engineer, with an MBA in Environmental Management and Technologies from Poli\/USP and an MBA in Business Management from FGV. With 20 years of experience in the environmental field in multinational companies, she currently works as a consultant through Natur Gerenciamento Ambiental. "},"class_list":["post-13598","palestrantes","type-palestrantes","status-publish","has-post-thumbnail","hentry"],"acf":[],"_links":{"self":[{"href":"https:\/\/ifatbrasil.com.br\/es\/wp-json\/wp\/v2\/palestrantes\/13598","targetHints":{"allow":["GET"]}}],"collection":[{"href":"https:\/\/ifatbrasil.com.br\/es\/wp-json\/wp\/v2\/palestrantes"}],"about":[{"href":"https:\/\/ifatbrasil.com.br\/es\/wp-json\/wp\/v2\/types\/palestrantes"}],"wp:featuredmedia":[{"embeddable":true,"href":"https:\/\/ifatbrasil.com.br\/es\/wp-json\/wp\/v2\/media\/13555"}],"wp:attachment":[{"href":"https:\/\/ifatbrasil.com.br\/es\/wp-json\/wp\/v2\/media?parent=13598"}],"curies":[{"name":"wp","href":"https:\/\/api.w.org\/{rel}","templated":true}]}}

Francine Efigênia Breitenbach (Moderadora)

José Renato Bruzadin es Ingeniero Electricista, graduado por la Escuela Politécnica de la Universidad de São Paulo (USP) y posee un MBA por la Fundação Getulio Vargas (FGV) de São Paulo. Ha ocupado cargos directivos en la industria y en empresas de los sectores de energía, infraestructura y servicios. Actualmente es el Director Ejecutivo de Desarrollo de Negocios de Veolia en Brasil.

Instituto Valoriza Resíduos by ABLP
