{"id":13607,"date":"2025-05-30T17:48:16","date_gmt":"2025-05-30T20:48:16","guid":{"rendered":"https:\/\/ifatbrasil.com.br\/palestrantes\/andre-meira\/"},"modified":"2025-05-30T18:08:13","modified_gmt":"2025-05-30T21:08:13","slug":"andre-meira","status":"publish","type":"palestrantes","link":"https:\/\/ifatbrasil.com.br\/es\/palestrantes\/andre-meira\/","title":{"rendered":"Andr\u00e9 Meira"},"featured_media":13571,"template":"","meta":{"_acf_changed":false,"cargo":"Director de Operaciones","empresa":"LOGA","link_linkedin":"","mini_bio":"Graduado en Ingenier\u00eda Civil, con especializaci\u00f3n en Gesti\u00f3n de la Calidad en la Construcci\u00f3n Civil por la USP de Pernambuco y un MBA en Gesti\u00f3n Empresarial con \u00e9nfasis en Medio Ambiente por la FGV. "},"class_list":["post-13607","palestrantes","type-palestrantes","status-publish","has-post-thumbnail","hentry"],"acf":[],"_links":{"self":[{"href":"https:\/\/ifatbrasil.com.br\/es\/wp-json\/wp\/v2\/palestrantes\/13607","targetHints":{"allow":["GET"]}}],"collection":[{"href":"https:\/\/ifatbrasil.com.br\/es\/wp-json\/wp\/v2\/palestrantes"}],"about":[{"href":"https:\/\/ifatbrasil.com.br\/es\/wp-json\/wp\/v2\/types\/palestrantes"}],"wp:featuredmedia":[{"embeddable":true,"href":"https:\/\/ifatbrasil.com.br\/es\/wp-json\/wp\/v2\/media\/13571"}],"wp:attachment":[{"href":"https:\/\/ifatbrasil.com.br\/es\/wp-json\/wp\/v2\/media?parent=13607"}],"curies":[{"name":"wp","href":"https:\/\/api.w.org\/{rel}","templated":true}]}}

André Meira

Graduado en Ingeniería Civil, con especialización en Gestión de la Calidad en la Construcción Civil por la USP de Pernambuco y un MBA en Gestión Empresarial con énfasis en Medio Ambiente por la FGV.
