{"id":13619,"date":"2025-05-30T18:18:23","date_gmt":"2025-05-30T21:18:23","guid":{"rendered":"https:\/\/ifatbrasil.com.br\/palestrantes\/sergio-ramos-da-cruz\/"},"modified":"2025-05-30T18:34:33","modified_gmt":"2025-05-30T21:34:33","slug":"sergio-ramos-da-cruz","status":"publish","type":"palestrantes","link":"https:\/\/ifatbrasil.com.br\/es\/palestrantes\/sergio-ramos-da-cruz\/","title":{"rendered":"Sergio Ramos da Cruz"},"featured_media":13618,"template":"","meta":{"_acf_changed":false,"cargo":"Director","empresa":"Paques LAM ","link_linkedin":"","mini_bio":"Ingeniero Mec\u00e1nico graduado por la Universidad de Texas en Austin, con Maestr\u00eda en Administraci\u00f3n de Empresas por la Escuela Superior de Administraci\u00f3n, Marketing y Comunicaci\u00f3n. Gerente General de Paques para Am\u00e9rica Latina desde 2011. "},"class_list":["post-13619","palestrantes","type-palestrantes","status-publish","has-post-thumbnail","hentry"],"acf":[],"_links":{"self":[{"href":"https:\/\/ifatbrasil.com.br\/es\/wp-json\/wp\/v2\/palestrantes\/13619","targetHints":{"allow":["GET"]}}],"collection":[{"href":"https:\/\/ifatbrasil.com.br\/es\/wp-json\/wp\/v2\/palestrantes"}],"about":[{"href":"https:\/\/ifatbrasil.com.br\/es\/wp-json\/wp\/v2\/types\/palestrantes"}],"wp:featuredmedia":[{"embeddable":true,"href":"https:\/\/ifatbrasil.com.br\/es\/wp-json\/wp\/v2\/media\/13618"}],"wp:attachment":[{"href":"https:\/\/ifatbrasil.com.br\/es\/wp-json\/wp\/v2\/media?parent=13619"}],"curies":[{"name":"wp","href":"https:\/\/api.w.org\/{rel}","templated":true}]}}

Ingeniero Mecánico graduado por la Universidad de Texas en Austin, con Maestría en Administración de Empresas por la Escuela Superior de Administración, Marketing y Comunicación. Gerente General de Paques para América Latina desde 2011.
