{"id":14776,"date":"2025-06-13T18:25:46","date_gmt":"2025-06-13T21:25:46","guid":{"rendered":"https:\/\/ifatbrasil.com.br\/palestrantes\/camila-rocha-cunha-viana\/"},"modified":"2025-06-13T18:28:14","modified_gmt":"2025-06-13T21:28:14","slug":"camila-rocha-cunha-viana","status":"publish","type":"palestrantes","link":"https:\/\/ifatbrasil.com.br\/es\/palestrantes\/camila-rocha-cunha-viana\/","title":{"rendered":"Camila Rocha Cunha Viana"},"featured_media":14772,"template":"","meta":{"_acf_changed":false,"cargo":"Directora-Presidente","empresa":"Ag\u00eancia de \u00c1guas do Estado de S\u00e3o Paulo - SP \u00c1guas ","link_linkedin":"","mini_bio":"Camila Rocha Cunha Viana es licenciada en Derecho por la Universidad del Estado de R\u00edo de Janeiro (UERJ) y Procuradora del Estado de S\u00e3o Paulo desde 2013. Tiene una maestr\u00eda en Derecho Administrativo por la USP y otra en Econom\u00eda por la Funda\u00e7\u00e3o Get\u00falio Vargas. En la PGE, integr\u00f3 la Asesor\u00eda de Empresas y Fundaciones entre 2014 y 2018; la Asesor\u00eda Jur\u00eddica del Gabinete entre 2019 y 2022; el grupo de trabajo que acompa\u00f1\u00f3 el proceso de desestatizaci\u00f3n de SABESP; y coordin\u00f3 el grupo de trabajo de la PGE\/SP encargado de seguir la tramitaci\u00f3n legislativa del nuevo Marco Regulatorio del Saneamiento. En el per\u00edodo 2023\/2024, form\u00f3 parte de la Asesor\u00eda Jur\u00eddica y de la Subsecretar\u00eda de Recursos H\u00eddricos y Saneamiento B\u00e1sico de la Secretar\u00eda de Medio Ambiente, Infraestructura y Log\u00edstica \u2013 SEMIL. "},"class_list":["post-14776","palestrantes","type-palestrantes","status-publish","has-post-thumbnail","hentry"],"acf":[],"_links":{"self":[{"href":"https:\/\/ifatbrasil.com.br\/es\/wp-json\/wp\/v2\/palestrantes\/14776","targetHints":{"allow":["GET"]}}],"collection":[{"href":"https:\/\/ifatbrasil.com.br\/es\/wp-json\/wp\/v2\/palestrantes"}],"about":[{"href":"https:\/\/ifatbrasil.com.br\/es\/wp-json\/wp\/v2\/types\/palestrantes"}],"wp:featuredmedia":[{"embeddable":true,"href":"https:\/\/ifatbrasil.com.br\/es\/wp-json\/wp\/v2\/media\/14772"}],"wp:attachment":[{"href":"https:\/\/ifatbrasil.com.br\/es\/wp-json\/wp\/v2\/media?parent=14776"}],"curies":[{"name":"wp","href":"https:\/\/api.w.org\/{rel}","templated":true}]}}

Agência de Águas do Estado de São Paulo - SP Águas

Camila Rocha Cunha Viana es licenciada en Derecho por la Universidad del Estado de Río de Janeiro (UERJ) y Procuradora del Estado de São Paulo desde 2013. Tiene una maestría en Derecho Administrativo por la USP y otra en Economía por la Fundação Getúlio Vargas. En la PGE, integró la Asesoría de Empresas y Fundaciones entre 2014 y 2018; la Asesoría Jurídica del Gabinete entre 2019 y 2022; el grupo de trabajo que acompañó el proceso de desestatización de SABESP; y coordinó el grupo de trabajo de la PGE/SP encargado de seguir la tramitación legislativa del nuevo Marco Regulatorio del Saneamiento. En el período 2023/2024, formó parte de la Asesoría Jurídica y de la Subsecretaría de Recursos Hídricos y Saneamiento Básico de la Secretaría de Medio Ambiente, Infraestructura y Logística – SEMIL.
