{"id":14879,"date":"2025-06-13T19:52:32","date_gmt":"2025-06-13T22:52:32","guid":{"rendered":"https:\/\/ifatbrasil.com.br\/palestrantes\/mauricio-flores\/"},"modified":"2025-06-14T18:42:17","modified_gmt":"2025-06-14T21:42:17","slug":"mauricio-flores","status":"publish","type":"palestrantes","link":"https:\/\/ifatbrasil.com.br\/es\/palestrantes\/mauricio-flores\/","title":{"rendered":"Maur\u00edcio Flores"},"featured_media":14815,"template":"","meta":{"_acf_changed":false,"cargo":"Director Comercial","empresa":"Vibropac Ind\u00fastria","link_linkedin":"https:\/\/www.linkedin.com\/company\/vibropac-aguas-e-efluentes","mini_bio":"12 a\u00f1os liderando proyectos de tratamiento de agua y efluentes, m\u00e1s de 25 a\u00f1os de experiencia en el sector. Experto en marketing y soluciones industriales sostenibles"},"class_list":["post-14879","palestrantes","type-palestrantes","status-publish","has-post-thumbnail","hentry"],"acf":[],"_links":{"self":[{"href":"https:\/\/ifatbrasil.com.br\/es\/wp-json\/wp\/v2\/palestrantes\/14879","targetHints":{"allow":["GET"]}}],"collection":[{"href":"https:\/\/ifatbrasil.com.br\/es\/wp-json\/wp\/v2\/palestrantes"}],"about":[{"href":"https:\/\/ifatbrasil.com.br\/es\/wp-json\/wp\/v2\/types\/palestrantes"}],"wp:featuredmedia":[{"embeddable":true,"href":"https:\/\/ifatbrasil.com.br\/es\/wp-json\/wp\/v2\/media\/14815"}],"wp:attachment":[{"href":"https:\/\/ifatbrasil.com.br\/es\/wp-json\/wp\/v2\/media?parent=14879"}],"curies":[{"name":"wp","href":"https:\/\/api.w.org\/{rel}","templated":true}]}}

Maurício Flores

Vibropac Indústria

12 años liderando proyectos de tratamiento de agua y efluentes, más de 25 años de experiencia en el sector. Experto en marketing y soluciones industriales sostenibles
