{"id":14977,"date":"2025-06-13T16:31:23","date_gmt":"2025-06-13T19:31:23","guid":{"rendered":"https:\/\/ifatbrasil.com.br\/palestrantes\/jimmy-sanchez\/"},"modified":"2025-06-16T16:07:28","modified_gmt":"2025-06-16T19:07:28","slug":"jimmy-sanchez","status":"publish","type":"palestrantes","link":"https:\/\/ifatbrasil.com.br\/es\/palestrantes\/jimmy-sanchez\/","title":{"rendered":"Jimmy S\u00e1nchez"},"featured_media":14849,"template":"","meta":{"_acf_changed":false,"cargo":"Gerente de Comercio Exterior y Ferias","empresa":"AHK Paraguay","link_linkedin":"","mini_bio":"En su rol como Gerente de Comercio Exterior y Ferias, promueve la cooperaci\u00f3n entre empresas paraguayas y alemanas, organiza viajes de delegaciones, eventos empresariales y oportunidades de inversi\u00f3n. Tambi\u00e9n participa activamente en el Circular Economy Innovation Hub, impulsando iniciativas de econom\u00eda circular y sostenibilidad en la regi\u00f3n."},"class_list":["post-14977","palestrantes","type-palestrantes","status-publish","has-post-thumbnail","hentry"],"acf":[],"_links":{"self":[{"href":"https:\/\/ifatbrasil.com.br\/es\/wp-json\/wp\/v2\/palestrantes\/14977","targetHints":{"allow":["GET"]}}],"collection":[{"href":"https:\/\/ifatbrasil.com.br\/es\/wp-json\/wp\/v2\/palestrantes"}],"about":[{"href":"https:\/\/ifatbrasil.com.br\/es\/wp-json\/wp\/v2\/types\/palestrantes"}],"wp:featuredmedia":[{"embeddable":true,"href":"https:\/\/ifatbrasil.com.br\/es\/wp-json\/wp\/v2\/media\/14849"}],"wp:attachment":[{"href":"https:\/\/ifatbrasil.com.br\/es\/wp-json\/wp\/v2\/media?parent=14977"}],"curies":[{"name":"wp","href":"https:\/\/api.w.org\/{rel}","templated":true}]}}

Jimmy Sánchez

En su rol como Gerente de Comercio Exterior y Ferias, promueve la cooperación entre empresas paraguayas y alemanas, organiza viajes de delegaciones, eventos empresariales y oportunidades de inversión. También participa activamente en el Circular Economy Innovation Hub, impulsando iniciativas de economía circular y sostenibilidad en la región.
