{"id":15004,"date":"2025-06-13T16:20:11","date_gmt":"2025-06-13T19:20:11","guid":{"rendered":"https:\/\/ifatbrasil.com.br\/palestrantes\/javier-viveros\/"},"modified":"2025-06-16T16:04:10","modified_gmt":"2025-06-16T19:04:10","slug":"javier-viveros","status":"publish","type":"palestrantes","link":"https:\/\/ifatbrasil.com.br\/es\/palestrantes\/javier-viveros\/","title":{"rendered":"Javier Viveros"},"featured_media":14834,"template":"","meta":{"_acf_changed":false,"cargo":"Viceministro de Inversiones y Exportaciones","empresa":"REDIEX","link_linkedin":"","mini_bio":"Mag\u00edster en Administraci\u00f3n de Empresas, Ingeniero Comercial y Licenciado en Administraci\u00f3n de Empresas por la Universidad Americana, con certificado en Business Excellence de la Haas School of Business de Berkeley (EE.UU.). Actualmente es Vice-Ministro en REDIEX. Fue Director Ejecutivo de Inpaco S.A. y del Grupo Evodia, y ocup\u00f3 cargos clave en empresas como Cibersons, Yoica, entre otras."},"class_list":["post-15004","palestrantes","type-palestrantes","status-publish","has-post-thumbnail","hentry"],"acf":[],"_links":{"self":[{"href":"https:\/\/ifatbrasil.com.br\/es\/wp-json\/wp\/v2\/palestrantes\/15004","targetHints":{"allow":["GET"]}}],"collection":[{"href":"https:\/\/ifatbrasil.com.br\/es\/wp-json\/wp\/v2\/palestrantes"}],"about":[{"href":"https:\/\/ifatbrasil.com.br\/es\/wp-json\/wp\/v2\/types\/palestrantes"}],"wp:featuredmedia":[{"embeddable":true,"href":"https:\/\/ifatbrasil.com.br\/es\/wp-json\/wp\/v2\/media\/14834"}],"wp:attachment":[{"href":"https:\/\/ifatbrasil.com.br\/es\/wp-json\/wp\/v2\/media?parent=15004"}],"curies":[{"name":"wp","href":"https:\/\/api.w.org\/{rel}","templated":true}]}}

Magíster en Administración de Empresas, Ingeniero Comercial y Licenciado en Administración de Empresas por la Universidad Americana, con certificado en Business Excellence de la Haas School of Business de Berkeley (EE.UU.). Actualmente es Vice-Ministro en REDIEX. Fue Director Ejecutivo de Inpaco S.A. y del Grupo Evodia, y ocupó cargos clave en empresas como Cibersons, Yoica, entre otras.
