{"id":15031,"date":"2025-06-16T16:20:05","date_gmt":"2025-06-16T19:20:05","guid":{"rendered":"https:\/\/ifatbrasil.com.br\/palestrantes\/elton-frederick\/"},"modified":"2025-06-16T16:23:45","modified_gmt":"2025-06-16T19:23:45","slug":"elton-frederick","status":"publish","type":"palestrantes","link":"https:\/\/ifatbrasil.com.br\/es\/palestrantes\/elton-frederick\/","title":{"rendered":"Elton Frederick"},"featured_media":15027,"template":"","meta":{"_acf_changed":false,"cargo":"Gerente de Comunicaci\u00f3n","empresa":"BRK","link_linkedin":"https:\/\/www.linkedin.com\/in\/eltonfrederick\/","mini_bio":"Gerente de Comunicaci\u00f3n en BRK, donde lidera estrategias de reputaci\u00f3n y marca. Tambi\u00e9n es escritor y fue semifinalista del Premio Jabuti 2024."},"class_list":["post-15031","palestrantes","type-palestrantes","status-publish","has-post-thumbnail","hentry"],"acf":[],"_links":{"self":[{"href":"https:\/\/ifatbrasil.com.br\/es\/wp-json\/wp\/v2\/palestrantes\/15031","targetHints":{"allow":["GET"]}}],"collection":[{"href":"https:\/\/ifatbrasil.com.br\/es\/wp-json\/wp\/v2\/palestrantes"}],"about":[{"href":"https:\/\/ifatbrasil.com.br\/es\/wp-json\/wp\/v2\/types\/palestrantes"}],"wp:featuredmedia":[{"embeddable":true,"href":"https:\/\/ifatbrasil.com.br\/es\/wp-json\/wp\/v2\/media\/15027"}],"wp:attachment":[{"href":"https:\/\/ifatbrasil.com.br\/es\/wp-json\/wp\/v2\/media?parent=15031"}],"curies":[{"name":"wp","href":"https:\/\/api.w.org\/{rel}","templated":true}]}}

Gerente de Comunicación

Gerente de Comunicación en BRK, donde lidera estrategias de reputación y marca. También es escritor y fue semifinalista del Premio Jabuti 2024.
